 2*u**2 - 16*u + 11. Let i be l(-5). Calculate the highest common divisor of h and i.
1
Suppose -j = 2*j - 12. Suppose v - 5*h - 21 = -v, -4 = j*h. Suppose w = 5*x - 16, 2*x - v = -x - w. Calculate the highest common divisor of x and 3.
3
Let z be (8/(-6))/((-4)/6). Suppose -4*u - 5*a - 11 = 0, 2*u - z*a = 5*u + 3. Calculate the highest common divisor of u and 3.
1
Let l = 9 - 7. Suppose l*x = -2*x + 1044. Calculate the greatest common divisor of x and 29.
29
Let w = 10 + -5. Suppose r = w*r - 16. Suppose 53 = 4*b - 5*i, -2 + 1 = i. What is the greatest common factor of b and r?
4
Let p = 3208 + -2977. What is the highest common factor of 189 and p?
21
Let f(d) = -36*d**3 + 2*d**2 - 2*d + 1. Let c be f(1). Let i = -22 - c. Suppose -i - 22 = -5*z. What is the highest common divisor of 56 and z?
7
Suppose p - 2 - 1 = 0. Suppose -218 - 262 = -p*y. Let b be (-12)/(-8)*y/12. Calculate the greatest common factor of 50 and b.
10
Suppose 4*l + 5*x = 112, -4*l + x + 112 = 5*x. Let f = -192 - -184. Let d be (-1)/(-2)*(l - f). What is the greatest common divisor of 18 and d?
18
Let m be 2/(-5) + 23/(690/792). Suppose i = -2*i + 117. What is the greatest common factor of i and m?
13
Let x(j) = 26*j - 6. Let i be x(6). What is the greatest common divisor of i and 375?
75
Suppose -20*f = -2*i - 23*f + 89, f = -i + 44. Calculate the greatest common divisor of 43 and i.
43
Let s be (24/(8 + -4))/2. Suppose -5*h + 15 = 0, -s*f - 19 = -4*h - 124. What is the greatest common factor of f and 13?
13
Let r = 231 - 200. Calculate the highest common factor of r and 713.
31
Let c(o) = o**3 - 3*o**2 - 3*o. Suppose 0 = 2*x, -4*x - 30 = -5*b - 3*x. Let m be c(b). Let u be -1 + m/3 + 1. Calculate the highest common factor of 75 and u.
15
Suppose 5*q - 166 = 388*z - 386*z, -2*q + 76 = -4*z. Calculate the highest common factor of q and 752.
16
Suppose 0 = 4*x - 10*x + 6. Let b(w) = 17*w**2 + 1. Let i be b(x). What is the greatest common factor of i and 12?
6
Suppose -5*s + 2*s - 3*u = -732, 5*u - 972 = -4*s. Calculate the highest common divisor of 48 and s.
8
Let p(w) = -9*w - 293. Let c be p(-41). Let s = 146 + -89. What is the highest common factor of c and s?
19
Let g(z) = -z**2 + z + 4. Let d be g(-3). Let a = d + -10. Let i be 6/a - 4/(-3). Calculate the greatest common divisor of i and 1.
1
Let m(a) = a - 3. Let j be m(0). Let r(i) = 9*i**2 + 5*i + 6. Let s be r(j). Calculate the highest common divisor of 8 and s.
8
Suppose -62*u - 270 = -67*u - o, 4*o + 20 = 0. Suppose -15 = 3*f - 48. What is the greatest common factor of f and u?
11
Let f(w) = w**3 + 30*w**2 - 74*w + 23. Let p be f(-32). Calculate the greatest common divisor of 147 and p.
49
Let p(q) = q**2 - 14*q - 92. Let i be p(21). What is the greatest common divisor of 154 and i?
11
Let d = 48 + -28. Suppose -3*l + l = -d. Calculate the greatest common divisor of 50 and l.
10
Suppose -4*c - 43 = -u, 2*u + 5*c - 158 + 20 = 0. Let t = u - 45. What is the greatest common divisor of t and 7?
7
Let i(y) = y**2 + y - 44. Let q be i(-10). What is the highest common divisor of 782 and q?
46
Suppose -9*t - 19*t = -812. What is the greatest common factor of t and 1421?
29
Suppose 5 = 5*p, -3*p + 2*p - 12 = -f. What is the greatest common factor of 52 and f?
13
Let m(w) = -w - 5. Let z be m(5). Let v be -1 + 2/(z/(-365)). What is the highest common divisor of v and 9?
9
Suppose -486 = -k - 467. Calculate the greatest common factor of 5472 and k.
19
Suppose 4*s = -s + 175. Suppose 9 = -2*n - 4*f + s, -11 = -2*n - f. What is the greatest common factor of n and 27?
3
Let k = -3 + 4. Let h(u) = u**2 - u - 9. Suppose l + 4*i = 13, l + 7*i - 11 = 4*i. Let x be h(l). Calculate the highest common divisor of x and k.
1
Suppose 5*g - 350 + 1081 = t, 2*t - 1476 = 3*g. What is the highest common divisor of t and 39?
39
Suppose 0 = -5*g, 11*h = 7*h + 3*g + 832. What is the greatest common factor of 728 and h?
104
Suppose -7*q = -280 + 77. Suppose u + 9 = -0*b + 2*b, 27 = b - 5*u. Suppose b*h + 64 = 238. What is the highest common divisor of h and q?
29
Let t = -94 + 98. Let u(m) = -m**3 + 5*m**2 - 3*m + 5. Let g be u(t). Let j be 1 + 0 - 0/2. What is the highest common factor of g and j?
1
Let o = -7 + 6. Let w be 2 + (3 - (-3 + o)). Let k = w + 10. What is the highest common factor of 38 and k?
19
Suppose 3*g - t = 379, -5*g = t + 405 - 1050. Suppose 9*o + 128 = 13*o. Calculate the greatest common factor of g and o.
32
Let f(j) be the first derivative of j**2 - 2*j + 4. Let n be f(2). Suppose x + 3 + 1 = 0, -n*x + 12 = 2*k. Calculate the highest common divisor of 2 and k.
2
Let c(r) = r + 82. Let l be c(-47). Calculate the greatest common divisor of 3 and l.
1
Let b be 4*(-1 + (-468)/(-16)). Suppose 4*l - 561 = -b. Calculate the highest common divisor of l and 16.
16
Let q = 53 - 29. Suppose -2*y = -4*i - 0*i + 68, -2*i - 206 = 5*y. Let f be y/(-25)*(1 + 9). What is the greatest common divisor of f and q?
8
Suppose 223*o - 215*o = 488. Calculate the highest common divisor of 793 and o.
61
Suppose 3*w + 2*w - 35 = 0. Let j be w/1*(-4)/(-14). Suppose -o = -j*o + 13. Calculate the greatest common divisor of o and 91.
13
Suppose -146 = -2*q + 86. Calculate the greatest common factor of q and 2668.
116
Suppose -2 + 10 = -2*l. Let v be 6/l*168/(-9). Let x(y) = -y**3 - y + 140. Let m be x(0). What is the greatest common factor of v and m?
28
Let h(v) = 9*v - 1. Let i(t) = 27*t - 2. Let x(w) = -8*h(w) + 3*i(w). Let j be x(6). Calculate the greatest common factor of j and 8.
8
Let z be (-26)/39 - (-2)/3. Suppose c - 194 + 78 = 4*q, -2*c + 3*q + 212 = z. What is the highest common factor of 20 and c?
20
Let k be (7 + -2 + -1)/(4/(-30)). Let o be (k/(-9))/((-11)/(-330)). Calculate the highest common divisor of o and 20.
20
Suppose 0 = -0*t - 2*t + 34. Suppose -5*a + 350 = -5*f, -a + 2*f + 86 = -3*f. Let u be a - ((-8 - -3) + 3). Calculate the greatest common divisor of u and t.
17
Let y = 256 + -163. Let x(m) = -m**2 + m + 31. Suppose -j - 4 = 3*c, 3*c - 5*c = -4*j - 16. Let u be x(c). Calculate the highest common divisor of y and u.
31
Suppose 11*b - 24*b = -910. Let z(t) = 3*t**2 + 2. Let w be z(-2). Calculate the greatest common divisor of b and w.
14
Let b = 582 - 552. What is the greatest common factor of 45 and b?
15
Let f be (12 + -13)/((-2)/4). Suppose 2*l + r = 28, f*l + l - 37 = -4*r. Let t be (l/4 - 3)*12. Calculate the greatest common divisor of 9 and t.
9
Let l(i) = i**3 + 2*i**2 - 7*i - 10. Let x be l(5). Calculate the greatest common divisor of 26 and x.
26
Suppose -6 = y - 3*y. Suppose 2*g + y*w = 3, 0 = 5*w + 2 + 13. What is the greatest common factor of 3 and g?
3
Let v(k) = -2 + 3 - 20*k + 8 - 2. Let z be v(-3). Suppose 0 = 2*s - 187 + z. What is the greatest common factor of 6 and s?
6
Let j be -30*(-50)/4*1/5. What is the highest common divisor of j and 675?
75
Suppose -184 = 2*j - 4*s, 5*j + 215 + 231 = 3*s. Let i = j + 127. Let o = 40 - i. What is the greatest common divisor of 9 and o?
1
Suppose 30 + 14 = 5*g + 2*h, 24 = 4*g - 4*h. Let n be 1520/114 - 24/(-9). Calculate the greatest common divisor of g and n.
8
Let j be (-20)/4 - (-6)/(-1 + 3). Let r(t) = 6*t**2 - 4*t - 4. Let o be r(j). Calculate the greatest common factor of o and 42.
14
Let z(t) = t**3 - 11*t**2 + 12*t - 5. Let i be z(10). Let o be 10/i*-6 - -32. Calculate the greatest common factor of o and 70.
14
Suppose 2*s - 2*d + 1 + 1 = 0, -3*s + 12 = 2*d. Let o be 2*6/3*(18 - 16). What is the greatest common factor of o and s?
2
Let y(x) = 6*x + 140. Let n be y(-16). What is the greatest common factor of n and 44?
44
Let y be (-9)/(27/(-12)) - 4. Suppose -3*s + 2*s + 5*m = -98, 3*m + 12 = y. Calculate the greatest common factor of 13 and s.
13
Suppose 3*l = 4*n - 2 + 1, 5*n + 3*l - 35 = 0. Suppose -n*k + 5*u + 1942 = 3*u, -974 = -2*k - 2*u. What is the greatest common divisor of k and 54?
54
Suppose m + 29 = 4*u + 9, 0 = -2*u + 2*m + 4. Suppose -g - l + 3 = 0, g - 4*l = -u*l + 5. What is the greatest common divisor of 10 and g?
1
Let d = 797 - 698. What is the highest common factor of d and 9?
9
Suppose 13*f = -23*f + 4752. Calculate the highest common divisor of 96 and f.
12
Let f be 8/(-2)*(-9)/2. Let v = -30 + 40. Let z be (v/6 + -1)*9. Calculate the hi